nd 15855?
35
Calculate the greatest common divisor of 172901 and 407.
37
What is the highest common factor of 822163791 and 111?
111
What is the greatest common factor of 140 and 459548852?
28
Calculate the greatest common factor of 65 and 188499207.
13
Calculate the greatest common divisor of 14398 and 206126.
46
Calculate the highest common divisor of 7058484 and 72.
36
Calculate the greatest common divisor of 240 and 18022020.
60
What is the highest common factor of 591294048 and 6?
6
Calculate the greatest common factor of 43138490 and 40.
10
Calculate the greatest common divisor of 1300387 and 127987.
977
What is the highest common divisor of 1948 and 248667070?
974
Calculate the greatest common factor of 616927 and 37067.
367
What is the greatest common factor of 387 and 12925800?
387
What is the greatest common factor of 18441296 and 2256?
752
What is the greatest common divisor of 43836000 and 2248?
2248
Calculate the highest common factor of 116 and 61137278.
58
What is the highest common divisor of 93 and 13543869?
93
What is the greatest common divisor of 47126322 and 1604?
802
What is the greatest common divisor of 76064127 and 3?
3
Calculate the highest common factor of 7667 and 13699059.
187
Calculate the highest common factor of 684764 and 2123.
193
What is the greatest common divisor of 106071 and 6?
3
What is the highest common divisor of 309232872 and 156?
156
What is the highest common divisor of 222153722 and 238?
238
Calculate the highest common divisor of 280 and 71764210.
70
What is the highest common divisor of 44583 and 9933?
231
Calculate the greatest common factor of 2481533 and 57.
19
What is the greatest common factor of 1294379977 and 1707?
569
Calculate the greatest common divisor of 12 and 7444455.
3
Calculate the greatest common factor of 3622684 and 699.
233
Calculate the highest common factor of 306 and 477225258.
102
Calculate the greatest common divisor of 110 and 13220.
10
Calculate the highest common divisor of 13829396 and 1484.
1484
Calculate the greatest common factor of 9599 and 110461.
29
What is the greatest common divisor of 231475810 and 30?
10
Calculate the greatest common factor of 345526 and 9083.
31
Calculate the highest common divisor of 57467535 and 345.
15
Calculate the greatest common factor of 73617 and 2809.
53
What is the highest common divisor of 14613 and 3966?
3
Calculate the greatest common divisor of 85008 and 2676.
12
What is the highest common factor of 84 and 4548642?
42
Calculate the highest common factor of 33 and 7683291.
33
What is the greatest common divisor of 26046550 and 1360?
170
What is the highest common divisor of 127992352 and 3228?
1076
Calculate the highest common divisor of 447 and 10898456.
149
What is the highest common divisor of 38140 and 3520?
20
Calculate the greatest common factor of 276201 and 33.
3
What is the greatest common factor of 2881 and 3614881?
43
What is the greatest common divisor of 16392600 and 3528?
504
What is the highest common factor of 298908 and 2546?
38
What is the highest common factor of 145 and 43725765?
145
What is the greatest common divisor of 119466 and 2952?
18
What is the greatest common divisor of 44802720 and 432?
432
Calculate the greatest common divisor of 912 and 97668246.
114
What is the greatest common factor of 191017710 and 26?
26
Calculate the highest common factor of 46278 and 3890781.
27
Calculate the greatest common factor of 114 and 28817661.
57
Calculate the greatest common factor of 3 and 17220237.
3
What is the highest common divisor of 71668 and 5371?
41
Calculate the highest common factor of 67918 and 676106.
58
Calculate the highest common factor of 386 and 1122888089.
193
What is the greatest common divisor of 24278 and 12816222?
122
Calculate the highest common divisor of 2985 and 4876495.
995
What is the highest common factor of 36627144 and 63680?
1592
Calculate the highest common factor of 912366 and 83811.
273
Calculate the highest common factor of 52497 and 5204385.
171
Calculate the greatest common divisor of 5662 and 5630498.
38
Calculate the highest common factor of 4708264 and 528.
88
Calculate the greatest common factor of 3272 and 145977826.
818
What is the greatest common divisor of 1158648 and 52992?
552
What is the highest common divisor of 769990 and 3705?
65
What is the highest common divisor of 14628 and 995369574?
7314
What is the greatest common factor of 113365 and 3735305?
1435
What is the greatest common divisor of 2338866 and 1584?
18
What is the highest common divisor of 899960 and 14155?
745
Calculate the highest common factor of 5515026 and 3498.
66
Calculate the greatest common divisor of 30419402 and 104.
26
Calculate the highest common factor of 979 and 2008463.
89
What is the highest common factor of 203624536 and 4?
4
What is the highest common factor of 160086650 and 3820?
1910
Calculate the highest common divisor of 1456 and 13159692.
364
What is the highest common divisor of 82 and 131332512?
82
What is the highest common divisor of 61760 and 1211187712?
12352
What is the greatest common factor of 1080803516 and 52?
52
Calculate the greatest common factor of 3 and 1226333.
1
What is the highest common factor of 580 and 13384240?
20
Calculate the greatest common divisor of 210530 and 24346.
74
What is the greatest common factor of 48783 and 5691?
21
What is the greatest common divisor of 16262368 and 24?
8
Calculate the highest common divisor of 277557895 and 34.
17
Calculate the highest common factor of 745346023 and 232.
29
What is the highest common factor of 39 and 297203361?
39
What is the greatest common divisor of 1588150 and 23414?
46
What is the highest common factor of 8084677 and 803?
73
What is the greatest common divisor of 45004860 and 1980?
180
What is the highest common factor of 48053 and 12673?
29
What is the highest common factor of 43470666 and 234?
18
What is the highest common factor of 64285 and 36179?
299
Calculate the greatest common divisor of 69617763 and 846.
423
What is the greatest common divisor of 407001 and 63?
21
Calculate the greatest common divisor of 6408 and 40200588.
3204
Calculate the greatest common divisor of 76 and 57114646.
38
What is the highest common divisor of 29172 and 780572?
884
Calculate the greatest common factor of 436500 and 3196150.
4850
What is the greatest common divisor of 3073049 and 35?
7
Calculate the highest common divisor of 165 and 81837888.
33
Calculate the greatest common divisor of 51301348 and 1624.
812
Calculate the highest common divisor of 2260095 and 1245.
15
What is the greatest common factor of 6928640 and 25?
5
What is the greatest common divisor of 63 and 335598?
3
Calculate the greatest common divisor of 69953 and 9152.
13
Calculate the greatest common divisor of 565757 and 995.
199
Calculate the highest common divisor of 5258 and 9498577.
2629
What is the greatest common factor of 288901416 and 984?
984
What is the highest common factor of 225246 and 2170?
434
What is the greatest common divisor of 109275 and 18507?
93
What is the greatest common divisor of 87439949 and 1?
1
What is the greatest common factor of 117 and 11018384?
13
Calculate the highest common factor of 21700 and 892025.
775
Calculate the greatest common factor of 897 and 64368996.
69
Calculate the greatest common factor of 2534 and 55225091.
181
What is the greatest common divisor of 160553680 and 10?
10
What is the greatest common divisor of 30317924 and 14196?
4732
Calculate the greatest common divisor of 8 and 385314.
2
What is the highest common divisor of 98 and 1458506?
14
Calculate the greatest common divisor of 511725508 and 28.
28
Calculate the highest common divisor of 15691098 and 186.
6
What is the highest common divisor of 99190 and 577668?
182
What is the greatest common divisor of 1712 and 1077169?
107
Calculate the highest common divisor of 1330 and 386344.
14
What is the greatest common divisor of 14629674 and 7403?
673
Calculate the greatest common factor of 968 and 10014.
2
What is the greatest common factor of 204 and 73860784?
68
Calculate the greatest common divisor of 2182656 and 35760.
48
Calculate the highest common divisor of 77728 and 105056.
224
What is the highest common factor of 11690195 an